digit of 65?
6
What is the tens digit of 22317?
1
What is the thousands digit of 37282?
7
What is the hundreds digit of 2240?
2
What is the tens digit of 713?
1
What is the thousands digit of 131883?
1
What is the tens digit of 42287?
8
What is the thousands digit of 2598?
2
What is the units digit of 6636?
6
What is the hundreds digit of 966?
9
What is the thousands digit of 2651?
2
What is the units digit of 6186?
6
What is the hundreds digit of 1999?
9
What is the thousands digit of 96411?
6
What is the hundreds digit of 30675?
6
What is the hundreds digit of 16737?
7
What is the thousands digit of 85170?
5
What is the ten thousands digit of 66727?
6
What is the units digit of 366?
6
What is the hundreds digit of 115396?
3
What is the tens digit of 5012?
1
What is the hundreds digit of 6204?
2
What is the thousands digit of 44812?
4
What is the units digit of 448?
8
What is the units digit of 14795?
5
What is the ten thousands digit of 61991?
6
What is the thousands digit of 71545?
1
What is the units digit of 54967?
7
What is the hundreds digit of 975?
9
What is the ten thousands digit of 20500?
2
What is the hundreds digit of 1356?
3
What is the tens digit of 922?
2
What is the tens digit of 19893?
9
What is the thousands digit of 51157?
1
What is the hundreds digit of 4669?
6
What is the tens digit of 14634?
3
What is the ten thousands digit of 61310?
6
What is the units digit of 91?
1
What is the hundreds digit of 532?
5
What is the hundred thousands digit of 189777?
1
What is the thousands digit of 87480?
7
What is the hundreds digit of 556?
5
What is the tens digit of 633?
3
What is the hundreds digit of 1080?
0
What is the units digit of 45535?
5
What is the hundreds digit of 6003?
0
What is the units digit of 4184?
4
What is the tens digit of 410?
1
What is the tens digit of 38999?
9
What is the units digit of 1533?
3
What is the hundreds digit of 98076?
0
What is the tens digit of 21022?
2
What is the hundreds digit of 7125?
1
What is the hundreds digit of 3408?
4
What is the units digit of 2668?
8
What is the units digit of 1270?
0
What is the units digit of 3633?
3
What is the hundreds digit of 798?
7
What is the tens digit of 4837?
3
What is the hundreds digit of 64497?
4
What is the hundreds digit of 1691?
6
What is the hundreds digit of 63288?
2
What is the ten thousands digit of 10954?
1
What is the ten thousands digit of 74748?
7
What is the units digit of 1179?
9
What is the thousands digit of 28029?
8
What is the tens digit of 1737?
3
What is the thousands digit of 28064?
8
What is the ten thousands digit of 140398?
4
What is the hundreds digit of 25432?
4
What is the hundreds digit of 2389?
3
What is the units digit of 4397?
7
What is the tens digit of 1447?
4
What is the tens digit of 3664?
6
What is the units digit of 2466?
6
What is the thousands digit of 8461?
8
What is the hundreds digit of 33710?
7
What is the thousands digit of 7466?
7
What is the units digit of 10605?
5
What is the thousands digit of 8545?
8
What is the thousands digit of 62238?
2
What is the hundreds digit of 49665?
6
What is the ten thousands digit of 15847?
1
What is the thousands digit of 3365?
3
What is the hundreds digit of 8626?
6
What is the hundreds digit of 506?
5
What is the tens digit of 53?
5
What is the tens digit of 1589?
8
What is the thousands digit of 4688?
4
What is the hundreds digit of 830?
8
What is the hundreds digit of 41296?
2
What is the ten thousands digit of 11259?
1
What is the units digit of 152574?
4
What is the thousands digit of 38299?
8
What is the tens digit of 913?
1
What is the tens digit of 20463?
6
What is the thousands digit of 3347?
3
What is the tens digit of 1619?
1
What is the hundreds digit of 1068?
0
What is the hundreds digit of 158?
1
What is the hundreds digit of 864?
8
What is the hundreds digit of 5892?
8
What is the units digit of 923?
3
What is the units digit of 2?
2
What is the units digit of 30670?
0
What is the tens digit of 15890?
9
What is the units digit of 92721?
1
What is the thousands digit of 90743?
0
What is the ten thousands digit of 42042?
4
What is the hundreds digit of 741?
7
What is the tens digit of 144943?
4
What is the units digit of 2774?
4
What is the units digit of 31463?
3
What is the ten thousands digit of 67663?
6
What is the tens digit of 119?
1
What is the hundreds digit of 7428?
4
What is the tens digit of 3591?
9
What is the units digit of 1593?
3
What is the tens digit of 19143?
4
What is the tens digit of 5945?
4
What is the units digit of 31268?
8
What is the units digit of 784?
4
What is the tens digit of 82?
8
What is the thousands digit of 31858?
1
What is the ten thousands digit of 98184?
9
What is the tens digit of 945?
4
What is the tens digit of 92868?
6
What is the hundreds digit of 396?
3
What is the thousands digit of 15082?
5
What is the thousands digit of 55359?
5
What is the thousands digit of 10143?
0
What is the ten thousands digit of 10385?
1
What is the hundreds digit of 62538?
5
What is the thousands digit of 12580?
2
What is the units digit of 375?
5
What is the units digit of 730?
0
What is the hundreds digit of 746?
7
What is the units digit of 881?
1
What is the hundreds digit of 13637?
6
What is the ten thousands digit of 16815?
1
What is the tens digit of 15165?
6
What is the thousands digit of 4920?
4
What is the thousands digit of 21773?
1
What is the units digit of 9395?
5
What is the units digit of 5219?
9
What is the hundreds digit of 2490?
4
What is the hundreds digit of 189?
1
What is the units digit of 1110?
0
What is the hundreds digit of 84313?
3
What is the thousands digit of 9251?
9
What is the hundreds digit of 364?
3
What is the units digit of 2813?
3
What is the tens digit of 17988?
8
What is the tens digit of 125?
2
What is the hundreds digit of 2620?
6
What is the thousands digit of 3977?
3
What is the units digit of 4527?
7
What is the units digit of 1297?
7
What is the hundreds digit of 13712?
7
What is the units digit of 1472?
2
What is the hundreds digit of 920?
9
What is the ten thousands digit of 58586?
5
What is the tens digit of 23805?
0
What is the tens digit of 2349?
4
What is the units digit of 9275?
5
What is the tens digit of 49149?
4
What is the thousands digit of 2401?
2
What is the tens digit of 15828?
2
What is the hundreds digit of 7776?
7
What is the thousands digit of 57033?
7
What is the hundreds digit of 6782?
7
What is the hundreds digit of 2800?
8
What is the hundreds digit of 2671?
6
What is the units digit of 51?
1
What is the units digit of 39999?
9
What is the hundreds digit of 1257?
2
What is the units digit of 3143?
3
What is the thousands digit of 16820?
6
What is the tens digit of 80403?
0
What is the units digit of 6?
6
What is the hundreds digit of 52303?
3
What is the thousands digit of 14898?
4
What is the tens digit of 31533?
3
What is the hundreds digit of 40373?
3
What is the tens digit of 967?
6
What is the tens digit of 5430?
3
What is the units digit of 5295?
5
What is the tens digit of 2111?
1
What is the tens digit of 17468?
6
What is the thousands digit of 3058?
3
What is the tens digit of 6023?
2
What is the thousands digit of 6681?
6
What is the units digit of 1677?
7
What is the units digit of 22172?
2
What is the thousands digit of 1318?
1
What is the tens digit of 416?
1
What is the ten thousands digit of 81798?
8
What is the hundreds digit of 12782?
7
What is the units digit of 491?
1
What is the tens digit of 29254?
5
What is the hundreds digit of 282?
2
What is the tens digit of 7901?
0
What is the ten thousands digit of 52511?
5
What is the hundreds digit of 1936?
9
What is the hundreds digit of 18672?
6
What is the units digit of 75911?
1
What is the tens digit of 26900?
0
What is the thousands digit of 15185?
5
What is the hundreds digit of 932?
9
What is the thousands digit of 7020?
7
What is the thousands digit of 50504?
0
What is the thousands digit of 27613?
7
What is the thousands digit of 22732?
2
What is the thousands digit of 2407?
2
What is the hundreds digit of 29499?
4
What is the hundreds digit of 31007?
0
What is the tens digit of 2185?
8
What is the hundreds digit of 3979?
9
What is the hundreds digit of 2787?
7
What is the units digit of 24525?
5
W